{"id":9219,"date":"1999-04-18T14:41:32","date_gmt":"1999-04-18T12:41:32","guid":{"rendered":"https:\/\/www.aerophile.com\/clients\/ville-de-paris\/"},"modified":"1999-04-18T14:41:32","modified_gmt":"1999-04-18T12:41:32","slug":"ville-de-paris","status":"publish","type":"client","link":"https:\/\/www.aerophile.com\/es\/clients\/ville-de-paris\/","title":{"rendered":"Ville de Paris"},"content":{"rendered":"<p>\u00a1La ciudad de Par\u00eds ha elegido el globo cautivo para celebrar el a\u00f1o 2000!<br \/>\nEl primer globo aerost\u00e1tico con pasajeros vol\u00f3 en Par\u00eds en 1783, y el primer globo cautivo se instal\u00f3 all\u00ed en 1878.<br \/>\nEl globo despega del Parque Andr\u00e9 Citro\u00ebn en el distrito 15 de Par\u00eds.<br \/>\nFortis Insurance fue el primer socio del globo de Par\u00eds.<\/p>\n","protected":false},"featured_media":8180,"template":"","meta":{"_acf_changed":false},"class_list":["post-9219","client","type-client","status-publish","has-post-thumbnail","hentry","client-cat-globo-cautivo"],"acf":[],"yoast_head":"<!-- This site is optimized with the Yoast SEO plugin v27.2 - https:\/\/yoast.com\/product\/yoast-seo-wordpress\/ -->\n<title>Ville de Paris - Aerophile<\/title>\n<meta name=\"description\" content=\"\u00a1La ciudad de Par\u00eds ha elegido el globo cautivo para celebrar el a\u00f1o 2000! El primer globo aerost\u00e1tico con pasajeros vol\u00f3 en Par\u00eds en 1783, y el primer\" \/>\n<meta name=\"robots\" content=\"index, follow, max-snippet:-1, max-image-preview:large, max-video-preview:-1\" \/>\n<link rel=\"canonical\" href=\"https:\/\/www.aerophile.com\/es\/clients\/ville-de-paris\/\" \/>\n<meta property=\"og:locale\" content=\"es_ES\" \/>\n<meta property=\"og:type\" content=\"article\" \/>\n<meta property=\"og:title\" content=\"Ville de Paris - Aerophile\" \/>\n<meta property=\"og:description\" content=\"\u00a1La ciudad de Par\u00eds ha elegido el globo cautivo para celebrar el a\u00f1o 2000! El primer globo aerost\u00e1tico con pasajeros vol\u00f3 en Par\u00eds en 1783, y el primer\" \/>\n<meta property=\"og:url\" content=\"https:\/\/www.aerophile.com\/es\/clients\/ville-de-paris\/\" \/>\n<meta property=\"og:site_name\" content=\"Aerophile\" \/>\n<meta property=\"article:publisher\" content=\"https:\/\/www.facebook.com\/AerophileSAS\/\" \/>\n<meta property=\"og:image\" content=\"https:\/\/www.aerophile.com\/admin\/wp-content\/uploads\/2023\/01\/12-1999-paris-i-fortis-france.jpg\" \/>\n\t<meta property=\"og:image:width\" content=\"1028\" \/>\n\t<meta property=\"og:image:height\" content=\"1423\" \/>\n\t<meta property=\"og:image:type\" content=\"image\/jpeg\" \/>\n<meta name=\"twitter:card\" content=\"summary_large_image\" \/>\n<meta name=\"twitter:site\" content=\"@AEROPHILE_SAS\" \/>\n<script type=\"application\/ld+json\" class=\"yoast-schema-graph\">{\"@context\":\"https:\/\/schema.org\",\"@graph\":[{\"@type\":\"WebPage\",\"@id\":\"https:\/\/www.aerophile.com\/es\/clients\/ville-de-paris\/\",\"url\":\"https:\/\/www.aerophile.com\/es\/clients\/ville-de-paris\/\",\"name\":\"Ville de Paris - Aerophile\",\"isPartOf\":{\"@id\":\"https:\/\/www.aerophile.com\/es\/#website\"},\"primaryImageOfPage\":{\"@id\":\"https:\/\/www.aerophile.com\/es\/clients\/ville-de-paris\/#primaryimage\"},\"image\":{\"@id\":\"https:\/\/www.aerophile.com\/es\/clients\/ville-de-paris\/#primaryimage\"},\"thumbnailUrl\":\"https:\/\/www.aerophile.com\/admin\/wp-content\/uploads\/2023\/01\/12-1999-paris-i-fortis-france.jpg\",\"datePublished\":\"1999-04-18T12:41:32+00:00\",\"description\":\"\u00a1La ciudad de Par\u00eds ha elegido el globo cautivo para celebrar el a\u00f1o 2000! El primer globo aerost\u00e1tico con pasajeros vol\u00f3 en Par\u00eds en 1783, y el primer\",\"breadcrumb\":{\"@id\":\"https:\/\/www.aerophile.com\/es\/clients\/ville-de-paris\/#breadcrumb\"},\"inLanguage\":\"es\",\"potentialAction\":[{\"@type\":\"ReadAction\",\"target\":[\"https:\/\/www.aerophile.com\/es\/clients\/ville-de-paris\/\"]}]},{\"@type\":\"ImageObject\",\"inLanguage\":\"es\",\"@id\":\"https:\/\/www.aerophile.com\/es\/clients\/ville-de-paris\/#primaryimage\",\"url\":\"https:\/\/www.aerophile.com\/admin\/wp-content\/uploads\/2023\/01\/12-1999-paris-i-fortis-france.jpg\",\"contentUrl\":\"https:\/\/www.aerophile.com\/admin\/wp-content\/uploads\/2023\/01\/12-1999-paris-i-fortis-france.jpg\",\"width\":1028,\"height\":1423},{\"@type\":\"BreadcrumbList\",\"@id\":\"https:\/\/www.aerophile.com\/es\/clients\/ville-de-paris\/#breadcrumb\",\"itemListElement\":[{\"@type\":\"ListItem\",\"position\":1,\"name\":\"Clientes\",\"item\":\"https:\/\/www.aerophile.com\/es\/clients\/\"},{\"@type\":\"ListItem\",\"position\":2,\"name\":\"Ville de Paris\"}]},{\"@type\":\"WebSite\",\"@id\":\"https:\/\/www.aerophile.com\/es\/#website\",\"url\":\"https:\/\/www.aerophile.com\/es\/\",\"name\":\"Aerophile\",\"description\":\"El leader mundial del globo cautivo\",\"publisher\":{\"@id\":\"https:\/\/www.aerophile.com\/es\/#organization\"},\"potentialAction\":[{\"@type\":\"SearchAction\",\"target\":{\"@type\":\"EntryPoint\",\"urlTemplate\":\"https:\/\/www.aerophile.com\/es\/?s={search_term_string}\"},\"query-input\":{\"@type\":\"PropertyValueSpecification\",\"valueRequired\":true,\"valueName\":\"search_term_string\"}}],\"inLanguage\":\"es\"},{\"@type\":\"Organization\",\"@id\":\"https:\/\/www.aerophile.com\/es\/#organization\",\"name\":\"Aerophile\",\"url\":\"https:\/\/www.aerophile.com\/es\/\",\"logo\":{\"@type\":\"ImageObject\",\"inLanguage\":\"es\",\"@id\":\"https:\/\/www.aerophile.com\/es\/#\/schema\/logo\/image\/\",\"url\":\"https:\/\/www.aerophile.com\/admin\/wp-content\/uploads\/2023\/03\/logo-aerophile-30-web-1.png\",\"contentUrl\":\"https:\/\/www.aerophile.com\/admin\/wp-content\/uploads\/2023\/03\/logo-aerophile-30-web-1.png\",\"width\":1015,\"height\":597,\"caption\":\"Aerophile\"},\"image\":{\"@id\":\"https:\/\/www.aerophile.com\/es\/#\/schema\/logo\/image\/\"},\"sameAs\":[\"https:\/\/www.facebook.com\/AerophileSAS\/\",\"https:\/\/x.com\/AEROPHILE_SAS\"]}]}<\/script>\n<!-- \/ Yoast SEO plugin. -->","yoast_head_json":{"title":"Ville de Paris - Aerophile","description":"\u00a1La ciudad de Par\u00eds ha elegido el globo cautivo para celebrar el a\u00f1o 2000! El primer globo aerost\u00e1tico con pasajeros vol\u00f3 en Par\u00eds en 1783, y el primer","robots":{"index":"index","follow":"follow","max-snippet":"max-snippet:-1","max-image-preview":"max-image-preview:large","max-video-preview":"max-video-preview:-1"},"canonical":"https:\/\/www.aerophile.com\/es\/clients\/ville-de-paris\/","og_locale":"es_ES","og_type":"article","og_title":"Ville de Paris - Aerophile","og_description":"\u00a1La ciudad de Par\u00eds ha elegido el globo cautivo para celebrar el a\u00f1o 2000! El primer globo aerost\u00e1tico con pasajeros vol\u00f3 en Par\u00eds en 1783, y el primer","og_url":"https:\/\/www.aerophile.com\/es\/clients\/ville-de-paris\/","og_site_name":"Aerophile","article_publisher":"https:\/\/www.facebook.com\/AerophileSAS\/","og_image":[{"width":1028,"height":1423,"url":"https:\/\/www.aerophile.com\/admin\/wp-content\/uploads\/2023\/01\/12-1999-paris-i-fortis-france.jpg","type":"image\/jpeg"}],"twitter_card":"summary_large_image","twitter_site":"@AEROPHILE_SAS","schema":{"@context":"https:\/\/schema.org","@graph":[{"@type":"WebPage","@id":"https:\/\/www.aerophile.com\/es\/clients\/ville-de-paris\/","url":"https:\/\/www.aerophile.com\/es\/clients\/ville-de-paris\/","name":"Ville de Paris - Aerophile","isPartOf":{"@id":"https:\/\/www.aerophile.com\/es\/#website"},"primaryImageOfPage":{"@id":"https:\/\/www.aerophile.com\/es\/clients\/ville-de-paris\/#primaryimage"},"image":{"@id":"https:\/\/www.aerophile.com\/es\/clients\/ville-de-paris\/#primaryimage"},"thumbnailUrl":"https:\/\/www.aerophile.com\/admin\/wp-content\/uploads\/2023\/01\/12-1999-paris-i-fortis-france.jpg","datePublished":"1999-04-18T12:41:32+00:00","description":"\u00a1La ciudad de Par\u00eds ha elegido el globo cautivo para celebrar el a\u00f1o 2000! El primer globo aerost\u00e1tico con pasajeros vol\u00f3 en Par\u00eds en 1783, y el primer","breadcrumb":{"@id":"https:\/\/www.aerophile.com\/es\/clients\/ville-de-paris\/#breadcrumb"},"inLanguage":"es","potentialAction":[{"@type":"ReadAction","target":["https:\/\/www.aerophile.com\/es\/clients\/ville-de-paris\/"]}]},{"@type":"ImageObject","inLanguage":"es","@id":"https:\/\/www.aerophile.com\/es\/clients\/ville-de-paris\/#primaryimage","url":"https:\/\/www.aerophile.com\/admin\/wp-content\/uploads\/2023\/01\/12-1999-paris-i-fortis-france.jpg","contentUrl":"https:\/\/www.aerophile.com\/admin\/wp-content\/uploads\/2023\/01\/12-1999-paris-i-fortis-france.jpg","width":1028,"height":1423},{"@type":"BreadcrumbList","@id":"https:\/\/www.aerophile.com\/es\/clients\/ville-de-paris\/#breadcrumb","itemListElement":[{"@type":"ListItem","position":1,"name":"Clientes","item":"https:\/\/www.aerophile.com\/es\/clients\/"},{"@type":"ListItem","position":2,"name":"Ville de Paris"}]},{"@type":"WebSite","@id":"https:\/\/www.aerophile.com\/es\/#website","url":"https:\/\/www.aerophile.com\/es\/","name":"Aerophile","description":"El leader mundial del globo cautivo","publisher":{"@id":"https:\/\/www.aerophile.com\/es\/#organization"},"potentialAction":[{"@type":"SearchAction","target":{"@type":"EntryPoint","urlTemplate":"https:\/\/www.aerophile.com\/es\/?s={search_term_string}"},"query-input":{"@type":"PropertyValueSpecification","valueRequired":true,"valueName":"search_term_string"}}],"inLanguage":"es"},{"@type":"Organization","@id":"https:\/\/www.aerophile.com\/es\/#organization","name":"Aerophile","url":"https:\/\/www.aerophile.com\/es\/","logo":{"@type":"ImageObject","inLanguage":"es","@id":"https:\/\/www.aerophile.com\/es\/#\/schema\/logo\/image\/","url":"https:\/\/www.aerophile.com\/admin\/wp-content\/uploads\/2023\/03\/logo-aerophile-30-web-1.png","contentUrl":"https:\/\/www.aerophile.com\/admin\/wp-content\/uploads\/2023\/03\/logo-aerophile-30-web-1.png","width":1015,"height":597,"caption":"Aerophile"},"image":{"@id":"https:\/\/www.aerophile.com\/es\/#\/schema\/logo\/image\/"},"sameAs":["https:\/\/www.facebook.com\/AerophileSAS\/","https:\/\/x.com\/AEROPHILE_SAS"]}]}},"_links":{"self":[{"href":"https:\/\/www.aerophile.com\/es\/wp-json\/wp\/v2\/client\/9219","targetHints":{"allow":["GET"]}}],"collection":[{"href":"https:\/\/www.aerophile.com\/es\/wp-json\/wp\/v2\/client"}],"about":[{"href":"https:\/\/www.aerophile.com\/es\/wp-json\/wp\/v2\/types\/client"}],"wp:featuredmedia":[{"embeddable":true,"href":"https:\/\/www.aerophile.com\/es\/wp-json\/wp\/v2\/media\/8180"}],"wp:attachment":[{"href":"https:\/\/www.aerophile.com\/es\/wp-json\/wp\/v2\/media?parent=9219"}],"curies":[{"name":"wp","href":"https:\/\/api.w.org\/{rel}","templated":true}]}}

<p>¡La ciudad de París ha elegido el globo cautivo para celebrar el año 2000!<br />
El primer globo aerostático con pasajeros voló en París en 1783, y el primer globo cautivo se instaló allí en 1878.<br />
El globo despega del Parque André Citroën en el distrito 15 de París.<br />
Fortis Insurance fue el primer socio del globo de París.</p>

<!-- This site is optimized with the Yoast SEO plugin v27.2 - https://yoast.com/product/yoast-seo-wordpress/ -->
<title>Ville de Paris - Aerophile</title>
<meta name="description" content="¡La ciudad de París ha elegido el globo cautivo para celebrar el año 2000! El primer globo aerostático con pasajeros voló en París en 1783, y el primer" />
<meta name="robots" content="index, follow, max-snippet:-1, max-image-preview:large, max-video-preview:-1" />
<link rel="canonical" href="https://www.aerophile.com/es/clients/ville-de-paris/" />
<meta property="og:locale" content="es_ES" />
<meta property="og:type" content="article" />
<meta property="og:title" content="Ville de Paris - Aerophile" />
<meta property="og:description" content="¡La ciudad de París ha elegido el globo cautivo para celebrar el año 2000! El primer globo aerostático con pasajeros voló en París en 1783, y el primer" />
<meta property="og:url" content="https://www.aerophile.com/es/clients/ville-de-paris/" />
<meta property="og:site_name" content="Aerophile" />
<meta property="article:publisher" content="https://www.facebook.com/AerophileSAS/" />
<meta property="og:image" content="https://www.aerophile.com/admin/wp-content/uploads/2023/01/12-1999-paris-i-fortis-france.jpg" />
	<meta property="og:image:width" content="1028" />
	<meta property="og:image:height" content="1423" />
	<meta property="og:image:type" content="image/jpeg" />
<meta name="twitter:card" content="summary_large_image" />
<meta name="twitter:site" content="@AEROPHILE_SAS" />
<script type="application/ld+json" class="yoast-schema-graph">{"@context":"https://schema.org","@graph":[{"@type":"WebPage","@id":"https://www.aerophile.com/es/clients/ville-de-paris/","url":"https://www.aerophile.com/es/clients/ville-de-paris/","name":"Ville de Paris - Aerophile","isPartOf":{"@id":"https://www.aerophile.com/es/#website"},"primaryImageOfPage":{"@id":"https://www.aerophile.com/es/clients/ville-de-paris/#primaryimage"},"image":{"@id":"https://www.aerophile.com/es/clients/ville-de-paris/#primaryimage"},"thumbnailUrl":"https://www.aerophile.com/admin/wp-content/uploads/2023/01/12-1999-paris-i-fortis-france.jpg","datePublished":"1999-04-18T12:41:32+00:00","description":"¡La ciudad de París ha elegido el globo cautivo para celebrar el año 2000! El primer globo aerostático con pasajeros voló en París en 1783, y el primer","breadcrumb":{"@id":"https://www.aerophile.com/es/clients/ville-de-paris/#breadcrumb"},"inLanguage":"es","potentialAction":[{"@type":"ReadAction","target":["https://www.aerophile.com/es/clients/ville-de-paris/"]}]},{"@type":"ImageObject","inLanguage":"es","@id":"https://www.aerophile.com/es/clients/ville-de-paris/#primaryimage","url":"https://www.aerophile.com/admin/wp-content/uploads/2023/01/12-1999-paris-i-fortis-france.jpg","contentUrl":"https://www.aerophile.com/admin/wp-content/uploads/2023/01/12-1999-paris-i-fortis-france.jpg","width":1028,"height":1423},{"@type":"BreadcrumbList","@id":"https://www.aerophile.com/es/clients/ville-de-paris/#breadcrumb","itemListElement":[{"@type":"ListItem","position":1,"name":"Clientes","item":"https://www.aerophile.com/es/clients/"},{"@type":"ListItem","position":2,"name":"Ville de Paris"}]},{"@type":"WebSite","@id":"https://www.aerophile.com/es/#website","url":"https://www.aerophile.com/es/","name":"Aerophile","description":"El leader mundial del globo cautivo","publisher":{"@id":"https://www.aerophile.com/es/#organization"},"potentialAction":[{"@type":"SearchAction","target":{"@type":"EntryPoint","urlTemplate":"https://www.aerophile.com/es/?s={search_term_string}"},"query-input":{"@type":"PropertyValueSpecification","valueRequired":true,"valueName":"search_term_string"}}],"inLanguage":"es"},{"@type":"Organization","@id":"https://www.aerophile.com/es/#organization","name":"Aerophile","url":"https://www.aerophile.com/es/","logo":{"@type":"ImageObject","inLanguage":"es","@id":"https://www.aerophile.com/es/#/schema/logo/image/","url":"https://www.aerophile.com/admin/wp-content/uploads/2023/03/logo-aerophile-30-web-1.png","contentUrl":"https://www.aerophile.com/admin/wp-content/uploads/2023/03/logo-aerophile-30-web-1.png","width":1015,"height":597,"caption":"Aerophile"},"image":{"@id":"https://www.aerophile.com/es/#/schema/logo/image/"},"sameAs":["https://www.facebook.com/AerophileSAS/","https://x.com/AEROPHILE_SAS"]}]}</script>
<!-- / Yoast SEO plugin. -->

¡La ciudad de París ha elegido el globo cautivo para celebrar el año 2000! El primer globo aerostático con pasajeros voló en París en 1783, y el primer
