{"id":9166,"date":"2017-07-10T10:10:18","date_gmt":"2017-07-10T08:10:18","guid":{"rendered":"https:\/\/www.aerophile.com\/clients\/municipio-autonomo-de-jayuya\/"},"modified":"2017-07-10T10:10:18","modified_gmt":"2017-07-10T08:10:18","slug":"municipio-autonomo-de-jayuya","status":"publish","type":"client","link":"https:\/\/www.aerophile.com\/es\/clients\/municipio-autonomo-de-jayuya\/","title":{"rendered":"Municipio Autonomo de Jayuya"},"content":{"rendered":"<p>Situado en la cima de la monta\u00f1a m\u00e1s alta de la isla de Puerto Rico, el Globo de Jayuya se ha convertido en la m\u00e1xima atracci\u00f3n tur\u00edstica de la isla. Desde este punto central, la vista de 360\u00b0 cubre toda la isla y permite descubrir el interior de la isla, \u00a1tan pintoresco!<\/p>\n","protected":false},"featured_media":8078,"template":"","meta":{"_acf_changed":false},"class_list":["post-9166","client","type-client","status-publish","has-post-thumbnail","hentry","client-cat-globo-cautivo"],"acf":[],"yoast_head":"<!-- This site is optimized with the Yoast SEO plugin v27.2 - https:\/\/yoast.com\/product\/yoast-seo-wordpress\/ -->\n<title>Municipio Autonomo de Jayuya - Aerophile<\/title>\n<meta name=\"description\" content=\"Situado en la cima de la monta\u00f1a m\u00e1s alta de la isla de Puerto Rico, el Globo de Jayuya se ha convertido en la m\u00e1xima atracci\u00f3n tur\u00edstica de la isla.\" \/>\n<meta name=\"robots\" content=\"index, follow, max-snippet:-1, max-image-preview:large, max-video-preview:-1\" \/>\n<link rel=\"canonical\" href=\"https:\/\/www.aerophile.com\/es\/clients\/municipio-autonomo-de-jayuya\/\" \/>\n<meta property=\"og:locale\" content=\"es_ES\" \/>\n<meta property=\"og:type\" content=\"article\" \/>\n<meta property=\"og:title\" content=\"Municipio Autonomo de Jayuya - Aerophile\" \/>\n<meta property=\"og:description\" content=\"Situado en la cima de la monta\u00f1a m\u00e1s alta de la isla de Puerto Rico, el Globo de Jayuya se ha convertido en la m\u00e1xima atracci\u00f3n tur\u00edstica de la isla.\" \/>\n<meta property=\"og:url\" content=\"https:\/\/www.aerophile.com\/es\/clients\/municipio-autonomo-de-jayuya\/\" \/>\n<meta property=\"og:site_name\" content=\"Aerophile\" \/>\n<meta property=\"article:publisher\" content=\"https:\/\/www.facebook.com\/AerophileSAS\/\" \/>\n<meta property=\"og:image\" content=\"https:\/\/www.aerophile.com\/admin\/wp-content\/uploads\/2023\/01\/85-2017-jayuya-puerto-rico-scaled.jpg\" \/>\n\t<meta property=\"og:image:width\" content=\"1920\" \/>\n\t<meta property=\"og:image:height\" content=\"2560\" \/>\n\t<meta property=\"og:image:type\" content=\"image\/jpeg\" \/>\n<meta name=\"twitter:card\" content=\"summary_large_image\" \/>\n<meta name=\"twitter:site\" content=\"@AEROPHILE_SAS\" \/>\n<script type=\"application\/ld+json\" class=\"yoast-schema-graph\">{\"@context\":\"https:\/\/schema.org\",\"@graph\":[{\"@type\":\"WebPage\",\"@id\":\"https:\/\/www.aerophile.com\/es\/clients\/municipio-autonomo-de-jayuya\/\",\"url\":\"https:\/\/www.aerophile.com\/es\/clients\/municipio-autonomo-de-jayuya\/\",\"name\":\"Municipio Autonomo de Jayuya - Aerophile\",\"isPartOf\":{\"@id\":\"https:\/\/www.aerophile.com\/es\/#website\"},\"primaryImageOfPage\":{\"@id\":\"https:\/\/www.aerophile.com\/es\/clients\/municipio-autonomo-de-jayuya\/#primaryimage\"},\"image\":{\"@id\":\"https:\/\/www.aerophile.com\/es\/clients\/municipio-autonomo-de-jayuya\/#primaryimage\"},\"thumbnailUrl\":\"https:\/\/www.aerophile.com\/admin\/wp-content\/uploads\/2023\/01\/85-2017-jayuya-puerto-rico-scaled.jpg\",\"datePublished\":\"2017-07-10T08:10:18+00:00\",\"description\":\"Situado en la cima de la monta\u00f1a m\u00e1s alta de la isla de Puerto Rico, el Globo de Jayuya se ha convertido en la m\u00e1xima atracci\u00f3n tur\u00edstica de la isla.\",\"breadcrumb\":{\"@id\":\"https:\/\/www.aerophile.com\/es\/clients\/municipio-autonomo-de-jayuya\/#breadcrumb\"},\"inLanguage\":\"es\",\"potentialAction\":[{\"@type\":\"ReadAction\",\"target\":[\"https:\/\/www.aerophile.com\/es\/clients\/municipio-autonomo-de-jayuya\/\"]}]},{\"@type\":\"ImageObject\",\"inLanguage\":\"es\",\"@id\":\"https:\/\/www.aerophile.com\/es\/clients\/municipio-autonomo-de-jayuya\/#primaryimage\",\"url\":\"https:\/\/www.aerophile.com\/admin\/wp-content\/uploads\/2023\/01\/85-2017-jayuya-puerto-rico-scaled.jpg\",\"contentUrl\":\"https:\/\/www.aerophile.com\/admin\/wp-content\/uploads\/2023\/01\/85-2017-jayuya-puerto-rico-scaled.jpg\",\"width\":1920,\"height\":2560},{\"@type\":\"BreadcrumbList\",\"@id\":\"https:\/\/www.aerophile.com\/es\/clients\/municipio-autonomo-de-jayuya\/#breadcrumb\",\"itemListElement\":[{\"@type\":\"ListItem\",\"position\":1,\"name\":\"Clientes\",\"item\":\"https:\/\/www.aerophile.com\/es\/clients\/\"},{\"@type\":\"ListItem\",\"position\":2,\"name\":\"Municipio Autonomo de Jayuya\"}]},{\"@type\":\"WebSite\",\"@id\":\"https:\/\/www.aerophile.com\/es\/#website\",\"url\":\"https:\/\/www.aerophile.com\/es\/\",\"name\":\"Aerophile\",\"description\":\"El leader mundial del globo cautivo\",\"publisher\":{\"@id\":\"https:\/\/www.aerophile.com\/es\/#organization\"},\"potentialAction\":[{\"@type\":\"SearchAction\",\"target\":{\"@type\":\"EntryPoint\",\"urlTemplate\":\"https:\/\/www.aerophile.com\/es\/?s={search_term_string}\"},\"query-input\":{\"@type\":\"PropertyValueSpecification\",\"valueRequired\":true,\"valueName\":\"search_term_string\"}}],\"inLanguage\":\"es\"},{\"@type\":\"Organization\",\"@id\":\"https:\/\/www.aerophile.com\/es\/#organization\",\"name\":\"Aerophile\",\"url\":\"https:\/\/www.aerophile.com\/es\/\",\"logo\":{\"@type\":\"ImageObject\",\"inLanguage\":\"es\",\"@id\":\"https:\/\/www.aerophile.com\/es\/#\/schema\/logo\/image\/\",\"url\":\"https:\/\/www.aerophile.com\/admin\/wp-content\/uploads\/2023\/03\/logo-aerophile-30-web-1.png\",\"contentUrl\":\"https:\/\/www.aerophile.com\/admin\/wp-content\/uploads\/2023\/03\/logo-aerophile-30-web-1.png\",\"width\":1015,\"height\":597,\"caption\":\"Aerophile\"},\"image\":{\"@id\":\"https:\/\/www.aerophile.com\/es\/#\/schema\/logo\/image\/\"},\"sameAs\":[\"https:\/\/www.facebook.com\/AerophileSAS\/\",\"https:\/\/x.com\/AEROPHILE_SAS\"]}]}<\/script>\n<!-- \/ Yoast SEO plugin. -->","yoast_head_json":{"title":"Municipio Autonomo de Jayuya - Aerophile","description":"Situado en la cima de la monta\u00f1a m\u00e1s alta de la isla de Puerto Rico, el Globo de Jayuya se ha convertido en la m\u00e1xima atracci\u00f3n tur\u00edstica de la isla.","robots":{"index":"index","follow":"follow","max-snippet":"max-snippet:-1","max-image-preview":"max-image-preview:large","max-video-preview":"max-video-preview:-1"},"canonical":"https:\/\/www.aerophile.com\/es\/clients\/municipio-autonomo-de-jayuya\/","og_locale":"es_ES","og_type":"article","og_title":"Municipio Autonomo de Jayuya - Aerophile","og_description":"Situado en la cima de la monta\u00f1a m\u00e1s alta de la isla de Puerto Rico, el Globo de Jayuya se ha convertido en la m\u00e1xima atracci\u00f3n tur\u00edstica de la isla.","og_url":"https:\/\/www.aerophile.com\/es\/clients\/municipio-autonomo-de-jayuya\/","og_site_name":"Aerophile","article_publisher":"https:\/\/www.facebook.com\/AerophileSAS\/","og_image":[{"width":1920,"height":2560,"url":"https:\/\/www.aerophile.com\/admin\/wp-content\/uploads\/2023\/01\/85-2017-jayuya-puerto-rico-scaled.jpg","type":"image\/jpeg"}],"twitter_card":"summary_large_image","twitter_site":"@AEROPHILE_SAS","schema":{"@context":"https:\/\/schema.org","@graph":[{"@type":"WebPage","@id":"https:\/\/www.aerophile.com\/es\/clients\/municipio-autonomo-de-jayuya\/","url":"https:\/\/www.aerophile.com\/es\/clients\/municipio-autonomo-de-jayuya\/","name":"Municipio Autonomo de Jayuya - Aerophile","isPartOf":{"@id":"https:\/\/www.aerophile.com\/es\/#website"},"primaryImageOfPage":{"@id":"https:\/\/www.aerophile.com\/es\/clients\/municipio-autonomo-de-jayuya\/#primaryimage"},"image":{"@id":"https:\/\/www.aerophile.com\/es\/clients\/municipio-autonomo-de-jayuya\/#primaryimage"},"thumbnailUrl":"https:\/\/www.aerophile.com\/admin\/wp-content\/uploads\/2023\/01\/85-2017-jayuya-puerto-rico-scaled.jpg","datePublished":"2017-07-10T08:10:18+00:00","description":"Situado en la cima de la monta\u00f1a m\u00e1s alta de la isla de Puerto Rico, el Globo de Jayuya se ha convertido en la m\u00e1xima atracci\u00f3n tur\u00edstica de la isla.","breadcrumb":{"@id":"https:\/\/www.aerophile.com\/es\/clients\/municipio-autonomo-de-jayuya\/#breadcrumb"},"inLanguage":"es","potentialAction":[{"@type":"ReadAction","target":["https:\/\/www.aerophile.com\/es\/clients\/municipio-autonomo-de-jayuya\/"]}]},{"@type":"ImageObject","inLanguage":"es","@id":"https:\/\/www.aerophile.com\/es\/clients\/municipio-autonomo-de-jayuya\/#primaryimage","url":"https:\/\/www.aerophile.com\/admin\/wp-content\/uploads\/2023\/01\/85-2017-jayuya-puerto-rico-scaled.jpg","contentUrl":"https:\/\/www.aerophile.com\/admin\/wp-content\/uploads\/2023\/01\/85-2017-jayuya-puerto-rico-scaled.jpg","width":1920,"height":2560},{"@type":"BreadcrumbList","@id":"https:\/\/www.aerophile.com\/es\/clients\/municipio-autonomo-de-jayuya\/#breadcrumb","itemListElement":[{"@type":"ListItem","position":1,"name":"Clientes","item":"https:\/\/www.aerophile.com\/es\/clients\/"},{"@type":"ListItem","position":2,"name":"Municipio Autonomo de Jayuya"}]},{"@type":"WebSite","@id":"https:\/\/www.aerophile.com\/es\/#website","url":"https:\/\/www.aerophile.com\/es\/","name":"Aerophile","description":"El leader mundial del globo cautivo","publisher":{"@id":"https:\/\/www.aerophile.com\/es\/#organization"},"potentialAction":[{"@type":"SearchAction","target":{"@type":"EntryPoint","urlTemplate":"https:\/\/www.aerophile.com\/es\/?s={search_term_string}"},"query-input":{"@type":"PropertyValueSpecification","valueRequired":true,"valueName":"search_term_string"}}],"inLanguage":"es"},{"@type":"Organization","@id":"https:\/\/www.aerophile.com\/es\/#organization","name":"Aerophile","url":"https:\/\/www.aerophile.com\/es\/","logo":{"@type":"ImageObject","inLanguage":"es","@id":"https:\/\/www.aerophile.com\/es\/#\/schema\/logo\/image\/","url":"https:\/\/www.aerophile.com\/admin\/wp-content\/uploads\/2023\/03\/logo-aerophile-30-web-1.png","contentUrl":"https:\/\/www.aerophile.com\/admin\/wp-content\/uploads\/2023\/03\/logo-aerophile-30-web-1.png","width":1015,"height":597,"caption":"Aerophile"},"image":{"@id":"https:\/\/www.aerophile.com\/es\/#\/schema\/logo\/image\/"},"sameAs":["https:\/\/www.facebook.com\/AerophileSAS\/","https:\/\/x.com\/AEROPHILE_SAS"]}]}},"_links":{"self":[{"href":"https:\/\/www.aerophile.com\/es\/wp-json\/wp\/v2\/client\/9166","targetHints":{"allow":["GET"]}}],"collection":[{"href":"https:\/\/www.aerophile.com\/es\/wp-json\/wp\/v2\/client"}],"about":[{"href":"https:\/\/www.aerophile.com\/es\/wp-json\/wp\/v2\/types\/client"}],"wp:featuredmedia":[{"embeddable":true,"href":"https:\/\/www.aerophile.com\/es\/wp-json\/wp\/v2\/media\/8078"}],"wp:attachment":[{"href":"https:\/\/www.aerophile.com\/es\/wp-json\/wp\/v2\/media?parent=9166"}],"curies":[{"name":"wp","href":"https:\/\/api.w.org\/{rel}","templated":true}]}}

<p>Situado en la cima de la montaña más alta de la isla de Puerto Rico, el Globo de Jayuya se ha convertido en la máxima atracción turística de la isla. Desde este punto central, la vista de 360° cubre toda la isla y permite descubrir el interior de la isla, ¡tan pintoresco!</p>

<!-- This site is optimized with the Yoast SEO plugin v27.2 - https://yoast.com/product/yoast-seo-wordpress/ -->
<title>Municipio Autonomo de Jayuya - Aerophile</title>
<meta name="description" content="Situado en la cima de la montaña más alta de la isla de Puerto Rico, el Globo de Jayuya se ha convertido en la máxima atracción turística de la isla." />
<meta name="robots" content="index, follow, max-snippet:-1, max-image-preview:large, max-video-preview:-1" />
<link rel="canonical" href="https://www.aerophile.com/es/clients/municipio-autonomo-de-jayuya/" />
<meta property="og:locale" content="es_ES" />
<meta property="og:type" content="article" />
<meta property="og:title" content="Municipio Autonomo de Jayuya - Aerophile" />
<meta property="og:description" content="Situado en la cima de la montaña más alta de la isla de Puerto Rico, el Globo de Jayuya se ha convertido en la máxima atracción turística de la isla." />
<meta property="og:url" content="https://www.aerophile.com/es/clients/municipio-autonomo-de-jayuya/" />
<meta property="og:site_name" content="Aerophile" />
<meta property="article:publisher" content="https://www.facebook.com/AerophileSAS/" />
<meta property="og:image" content="https://www.aerophile.com/admin/wp-content/uploads/2023/01/85-2017-jayuya-puerto-rico-scaled.jpg" />
	<meta property="og:image:width" content="1920" />
	<meta property="og:image:height" content="2560" />
	<meta property="og:image:type" content="image/jpeg" />
<meta name="twitter:card" content="summary_large_image" />
<meta name="twitter:site" content="@AEROPHILE_SAS" />
<script type="application/ld+json" class="yoast-schema-graph">{"@context":"https://schema.org","@graph":[{"@type":"WebPage","@id":"https://www.aerophile.com/es/clients/municipio-autonomo-de-jayuya/","url":"https://www.aerophile.com/es/clients/municipio-autonomo-de-jayuya/","name":"Municipio Autonomo de Jayuya - Aerophile","isPartOf":{"@id":"https://www.aerophile.com/es/#website"},"primaryImageOfPage":{"@id":"https://www.aerophile.com/es/clients/municipio-autonomo-de-jayuya/#primaryimage"},"image":{"@id":"https://www.aerophile.com/es/clients/municipio-autonomo-de-jayuya/#primaryimage"},"thumbnailUrl":"https://www.aerophile.com/admin/wp-content/uploads/2023/01/85-2017-jayuya-puerto-rico-scaled.jpg","datePublished":"2017-07-10T08:10:18+00:00","description":"Situado en la cima de la montaña más alta de la isla de Puerto Rico, el Globo de Jayuya se ha convertido en la máxima atracción turística de la isla.","breadcrumb":{"@id":"https://www.aerophile.com/es/clients/municipio-autonomo-de-jayuya/#breadcrumb"},"inLanguage":"es","potentialAction":[{"@type":"ReadAction","target":["https://www.aerophile.com/es/clients/municipio-autonomo-de-jayuya/"]}]},{"@type":"ImageObject","inLanguage":"es","@id":"https://www.aerophile.com/es/clients/municipio-autonomo-de-jayuya/#primaryimage","url":"https://www.aerophile.com/admin/wp-content/uploads/2023/01/85-2017-jayuya-puerto-rico-scaled.jpg","contentUrl":"https://www.aerophile.com/admin/wp-content/uploads/2023/01/85-2017-jayuya-puerto-rico-scaled.jpg","width":1920,"height":2560},{"@type":"BreadcrumbList","@id":"https://www.aerophile.com/es/clients/municipio-autonomo-de-jayuya/#breadcrumb","itemListElement":[{"@type":"ListItem","position":1,"name":"Clientes","item":"https://www.aerophile.com/es/clients/"},{"@type":"ListItem","position":2,"name":"Municipio Autonomo de Jayuya"}]},{"@type":"WebSite","@id":"https://www.aerophile.com/es/#website","url":"https://www.aerophile.com/es/","name":"Aerophile","description":"El leader mundial del globo cautivo","publisher":{"@id":"https://www.aerophile.com/es/#organization"},"potentialAction":[{"@type":"SearchAction","target":{"@type":"EntryPoint","urlTemplate":"https://www.aerophile.com/es/?s={search_term_string}"},"query-input":{"@type":"PropertyValueSpecification","valueRequired":true,"valueName":"search_term_string"}}],"inLanguage":"es"},{"@type":"Organization","@id":"https://www.aerophile.com/es/#organization","name":"Aerophile","url":"https://www.aerophile.com/es/","logo":{"@type":"ImageObject","inLanguage":"es","@id":"https://www.aerophile.com/es/#/schema/logo/image/","url":"https://www.aerophile.com/admin/wp-content/uploads/2023/03/logo-aerophile-30-web-1.png","contentUrl":"https://www.aerophile.com/admin/wp-content/uploads/2023/03/logo-aerophile-30-web-1.png","width":1015,"height":597,"caption":"Aerophile"},"image":{"@id":"https://www.aerophile.com/es/#/schema/logo/image/"},"sameAs":["https://www.facebook.com/AerophileSAS/","https://x.com/AEROPHILE_SAS"]}]}</script>
<!-- / Yoast SEO plugin. -->

Situado en la cima de la montaña más alta de la isla de Puerto Rico, el Globo de Jayuya se ha convertido en la máxima atracción turística de la isla.
